ousands digit of 5038470?
0
What is the tens digit of 23441987?
8
What is the tens digit of 676136?
3
What is the hundreds digit of 8817328?
3
What is the millions digit of 19136908?
9
What is the thousands digit of 7942945?
2
What is the ten millions digit of 22055192?
2
What is the units digit of 156617?
7
What is the tens digit of 81786?
8
What is the units digit of 29885?
5
What is the hundred thousands digit of 785837?
7
What is the ten thousands digit of 153617?
5
What is the thousands digit of 165063?
5
What is the hundred thousands digit of 277996?
2
What is the ten thousands digit of 1291261?
9
What is the millions digit of 14969880?
4
What is the ten thousands digit of 716660?
1
What is the hundreds digit of 3999726?
7
What is the units digit of 118656?
6
What is the units digit of 213864?
4
What is the thousands digit of 152360?
2
What is the thousands digit of 752063?
2
What is the tens digit of 3407265?
6
What is the units digit of 10619369?
9
What is the hundred thousands digit of 236781?
2
What is the thousands digit of 802113?
2
What is the hundred thousands digit of 129498?
1
What is the ten thousands digit of 2021643?
2
What is the hundred thousands digit of 282663?
2
What is the millions digit of 2910943?
2
What is the tens digit of 6093678?
7
What is the hundred thousands digit of 5253985?
2
What is the millions digit of 3131664?
3
What is the tens digit of 9465654?
5
What is the thousands digit of 207503?
7
What is the thousands digit of 22202090?
2
What is the ten thousands digit of 1005647?
0
What is the hundred thousands digit of 481452?
4
What is the thousands digit of 1497131?
7
What is the hundred thousands digit of 899501?
8
What is the hundred thousands digit of 2671436?
6
What is the ten thousands digit of 19698416?
9
What is the ten thousands digit of 180551?
8
What is the ten thousands digit of 1256189?
5
What is the ten thousands digit of 562473?
6
What is the hundreds digit of 2090612?
6
What is the thousands digit of 320191?
0
What is the tens digit of 234207?
0
What is the millions digit of 12325485?
2
What is the hundreds digit of 1977836?
8
What is the thousands digit of 1276978?
6
What is the thousands digit of 6884034?
4
What is the hundred thousands digit of 5396105?
3
What is the thousands digit of 18307402?
7
What is the units digit of 63631?
1
What is the hundred thousands digit of 179773?
1
What is the hundreds digit of 14554890?
8
What is the tens digit of 285958?
5
What is the thousands digit of 1362621?
2
What is the tens digit of 847340?
4
What is the hundred thousands digit of 179031?
1
What is the hundred thousands digit of 1542555?
5
What is the hundreds digit of 671586?
5
What is the units digit of 198643?
3
What is the millions digit of 1121324?
1
What is the thousands digit of 17019094?
9
What is the hundred thousands digit of 3950890?
9
What is the hundred thousands digit of 1643129?
6
What is the tens digit of 266500?
0
What is the thousands digit of 209852?
9
What is the hundred thousands digit of 1160900?
1
What is the tens digit of 1145615?
1
What is the ten thousands digit of 7070230?
7
What is the hundred thousands digit of 1999106?
9
What is the units digit of 91213?
3
What is the hundreds digit of 262129?
1
What is the tens digit of 3962004?
0
What is the hundred thousands digit of 19458833?
4
What is the tens digit of 781422?
2
What is the thousands digit of 3088008?
8
What is the tens digit of 2104987?
8
What is the units digit of 14067824?
4
What is the tens digit of 1358034?
3
What is the hundreds digit of 2029608?
6
What is the thousands digit of 248205?
8
What is the units digit of 1132193?
3
What is the thousands digit of 744666?
4
What is the ten thousands digit of 490688?
9
What is the tens digit of 185496?
9
What is the hundred thousands digit of 295811?
2
What is the thousands digit of 287584?
7
What is the hundreds digit of 8298672?
6
What is the ten thousands digit of 1349234?
4
What is the units digit of 2554328?
8
What is the units digit of 924022?
2
What is the thousands digit of 828923?
8
What is the millions digit of 3171136?
3
What is the ten thousands digit of 3020985?
2
What is the tens digit of 13359062?
6
What is the tens digit of 54580?
8
What is the thousands digit of 1550023?
0
What is the hundreds digit of 2742520?
5
What is the tens digit of 12632627?
2
What is the ten thousands digit of 14179102?
7
What is the units digit of 25929731?
1
What is the thousands digit of 278531?
8
What is the hundred thousands digit of 1369197?
3
What is the ten thousands digit of 572620?
7
What is the hundreds digit of 27099953?
9
What is the hundred thousands digit of 696432?
6
What is the hundred thousands digit of 4028877?
0
What is the thousands digit of 4183?
4
What is the hundreds digit of 17575836?
8
What is the thousands digit of 201921?
1
What is the hundreds digit of 465228?
2
What is the thousands digit of 262325?
2
What is the tens digit of 169507?
0
What is the units digit of 7961141?
1
What is the tens digit of 1838236?
3
What is the tens digit of 5802652?
5
What is the hundreds digit of 30684615?
6
What is the tens digit of 242480?
8
What is the hundreds digit of 51871?
8
What is the ten thousands digit of 276845?
7
What is the hundred thousands digit of 362133?
3
What is the millions digit of 3981884?
3
What is the tens digit of 48590?
9
What is the tens digit of 591149?
4
What is the millions digit of 2011089?
2
What is the tens digit of 1409426?
2
What is the tens digit of 4028327?
2
What is the tens digit of 59168?
6
What is the tens digit of 398712?
1
What is the units digit of 391863?
3
What is the tens digit of 642312?
1
What is the tens digit of 185347?
4
What is the tens digit of 1053950?
5
What is the thousands digit of 115840?
5
What is the hundred thousands digit of 13472311?
4
What is the tens digit of 437538?
3
What is the tens digit of 16402?
0
What is the units digit of 193555?
5
What is the units digit of 2412492?
2
What is the hundred thousands digit of 264841?
2
What is the thousands digit of 284045?
4
What is the ten thousands digit of 329765?
2
What is the ten thousands digit of 261480?
6
What is the units digit of 13524?
4
What is the tens digit of 1650037?
3
What is the thousands digit of 4743649?
3
What is the millions digit of 14050068?
4
What is the tens digit of 198012?
1
What is the hundreds digit of 4110898?
8
What is the tens digit of 385227?
2
What is the thousands digit of 373572?
3
What is the ten thousands digit of 3787807?
8
What is the ten thousands digit of 2136469?
3
What is the thousands digit of 1422398?
2
What is the hundreds digit of 630047?
0
What is the units digit of 863928?
8
What is the hundred thousands digit of 154985?
1
What is the hundred thousands digit of 3381491?
3
What is the thousands digit of 1246445?
6
What is the units digit of 1458937?
7
What is the thousands digit of 12956919?
6
What is the millions digit of 7114959?
7
What is the hundred thousands digit of 3794210?
7
What is the millions digit of 3463052?
3
What is the hundreds digit of 10785857?
8
What is the hundred thousands digit of 721964?
7
What is the millions digit of 1799268?
1
What is the units digit of 19725374?
4
What is the tens digit of 50094?
9
What is the thousands digit of 2175581?
5
What is the thousands digit of 72980?
2
What is the tens digit of 1137780?
8
What is the thousands digit of 128145?
8
What is the tens digit of 697063?
6
What is the thousands digit of 23130135?
0
What is the tens digit of 8050785?
8
What is the ten thousands digit of 147387?
4
What is the units digit of 147569?
9
What is the hundreds digit of 219696?
6
What is the thousands digit of 10913657?
3
What is the hundreds digit of 1006083?
0
What is the hundred thousands digit of 7760148?
7
What is the millions digit of 2880766?
2
What is the units digit of 331471?
1
What is the thousands digit of 2358321?
8
What is the tens digit of 2578278?
7
What is the hundreds digit of 3176794?
7
What is the millions digit of 12506102?
2
What is the hundred thousands digit of 322925?
3
What is the hundred thousands digit of 277376?
2
What is the tens digit of 2246177?
7
What is the units digit of 10349388?
8
What is the ten thousands digit of 1512769?
1
What is t